 be (-4)/1*6/(-8). Calculate the greatest common divisor of k and l.
3
Suppose -6*l - 9*l = 495. Let s = 27 - l. What is the greatest common factor of 24 and s?
12
Suppose 3*u = -0*u + 5*i + 21, i + 1 = -u. Let a be u/(-9) - 47/(-9). Calculate the greatest common divisor of a and 5.
5
Suppose 105 = 2*r + 3*c, 7*r = 2*r + 5*c + 275. Suppose -5*m + 936 = -r. Calculate the greatest common factor of m and 18.
18
Let m(s) = -2*s**3 - 6*s**2 - 34*s - 32. Let y be m(-4). Calculate the highest common divisor of y and 51.
17
Let p(g) = -g**2 + 2*g + 173. Let h be p(13). Let c be ((-5)/2)/((-3)/6). Suppose 0*d - c*d + 100 = 0. What is the highest common divisor of d and h?
10
Suppose -v + 12 = 2*v. Let x = -93 + 6. Let m = 115 + x. What is the greatest common divisor of v and m?
4
Suppose 0 = 5*t - 6 - 9. Suppose 2*n + t*n = 600. What is the greatest common divisor of 24 and n?
24
Let y(l) = -l**3 + 21*l**2 + 7. Let k be y(21). Suppose -k = 3*b - 2*z - 32, 2*b = 5*z + 13. What is the highest common divisor of b and 12?
3
Let m = 10 - 5. Suppose -r + 5 = 0, 0 = -4*c + 5*c + 2*r - 54. Suppose -2*i + c = z - 4*z, -m*z = 4*i - 44. What is the greatest common divisor of 32 and i?
16
Let b be (6 - 4)*(1 + 0). Suppose -b*z = 3*f + 54, -f = z + 5 + 14. Let p = -3 - f. Calculate the highest common factor of 26 and p.
13
Suppose 0 = -4*l - 9 + 5. Let k be (-11 - 73)/(l + 0). What is the greatest common divisor of k and 21?
21
Let i(n) = n + 6. Let s be i(8). Calculate the greatest common divisor of 8 and s.
2
Let k be 0 + (-45)/5 - -1855. Calculate the highest common factor of k and 26.
26
Let c(x) = -8*x + x**2 + 4*x + 3 + 14*x + 16. Let o be c(-8). Calculate the greatest common factor of o and 57.
3
Suppose 4*l = 4*s - 12, -5*l - s - 4*s = 15. Let j be (-9)/l*(-636)/(-9). Calculate the highest common divisor of 53 and j.
53
Suppose 0 = -3*l - 0*l + 15. Let f = 96 - 82. Suppose l*d = f + 71. What is the greatest common divisor of d and 85?
17
Let o(v) = 9*v - 4. Let t = 0 + 5. Let n be o(t). Let j = -16 + n. Calculate the highest common factor of j and 10.
5
Suppose -61 + 42 = -o. What is the highest common divisor of o and 57?
19
Suppose -4*a = -i - 4*i - 3, 9 = i - 4*a. Let n be (-160)/(-6) - 1/i. Calculate the highest common divisor of 9 and n.
9
Let q(m) = m**2 - 25*m + 26. Let c be q(24). Suppose 5*t + 2*b = -c*b + 645, -374 = -3*t - 5*b. Calculate the highest common factor of 19 and t.
19
Let i = 90 + 405. Calculate the greatest common divisor of 22 and i.
11
Let a be (1/(-2)*1)/((-1)/34). Let q(p) = -p**3 - 6*p**2 + p + 1. Let i be q(-6). Let v = i + a. What is the highest common factor of 12 and v?
12
Let v = 875 + -841. What is the highest common factor of v and 1938?
34
Let f be (-125)/(-10)*(0 - 22). Let m = 385 + f. What is the greatest common factor of m and 10?
10
Suppose -28 = -247*z + 240*z. Calculate the greatest common divisor of 4 and z.
4
Let o(c) = -c**2 - 21*c - 35. Let i be o(-23). Let k = 35 - i. What is the greatest common divisor of k and 4?
4
Suppose 26*d - 25*d = 46. Calculate the greatest common divisor of 322 and d.
46
Let q be 6 + (6/27 - 1876/(-63)). What is the greatest common factor of 126 and q?
18
Let z be -6 - (-5)/((-15)/12). Let a = z - -24. Suppose 8 = 5*o - 2. Calculate the greatest common factor of a and o.
2
Suppose -637 = -4*l - 77. Suppose 15*n = 11*n + l. What is the highest common factor of n and 7?
7
Suppose -396 = -207*z + 201*z. What is the greatest common factor of z and 42?
6
Suppose 3*y = 2*y + 4. Suppose -y*r + 3*p = -21, p = -4*r - 3*p. Suppose r*n - 40 = 11. What is the greatest common factor of n and 85?
17
Let x be ((-17)/(-3) + -5)/(4/90). Let k be 10/x*201 - (-1 - -3). What is the highest common divisor of k and 44?
44
Suppose 3*c = -4*l + 11, -4*c + 18 = 12*l - 10*l. Calculate the highest common factor of c and 55.
5
Suppose 0 = -f + 3*f - 4. Let t = -24 - -31. Let z(q) = -q**2 + 4*q + 35. Let m be z(t). Calculate the greatest common factor of m and f.
2
Let x = -14 - -20. Let s(r) = r**2 - 4. Suppose 0 = -3*w - w - 16. Let j be s(w). What is the highest common factor of j and x?
6
Let r = 17 + -14. Suppose -r*h - 20 = -5*h. Calculate the highest common divisor of 90 and h.
10
Let m(n) = 53*n**2 + n - 1. Let o be m(-2). Let x = -8 + 5. Let g be ((-1)/x)/(1/57). What is the greatest common factor of g and o?
19
Let b(i) = -i - 1. Let j(l) = -3*l + 17. Let x(m) = -2*b(m) - j(m). Let h be x(7). Calculate the highest common factor of 20 and h.
20
Let p be 5 + -4 - 5 - -7. Suppose 8 = -p*f - 10. Let s be (-2)/f*9 - -173. What is the highest common factor of s and 16?
16
Let u(o) = 70*o - 65. Let r be u(7). Calculate the greatest common divisor of 25 and r.
25
Let v be -15 + (-3 - (-20)/5). Let j(n) = -n**3 - 8*n**2 - 3*n - 10. Let w be j(-7). Let r = v - w. Calculate the greatest common divisor of 16 and r.
8
Suppose -2 = 14*o - 12*o. Let u(h) = -4*h**3 - 2*h**2 + h + 2. Let i be u(o). Calculate the highest common factor of i and 2.
1
Let t = 843 - 633. Let b be (-72)/4*(-10)/6. What is the highest common factor of b and t?
30
Let l(w) = w**2 + 35*w + 55. Let n be l(-34). Calculate the highest common factor of n and 35.
7
Suppose 383*k + 450 = 385*k. What is the greatest common divisor of k and 25?
25
Suppose 2*h + 4*k = 124, -110 = -2*h + k + 34. Let y be ((-1)/(-3))/(4/336). What is the highest common divisor of h and y?
14
Let z = 39 - 15. Suppose -m + 4 + 4 = 0. What is the greatest common divisor of m and z?
8
Suppose 0 = -3*c + 128 + 379. Let i = -74 - -87. Calculate the highest common factor of c and i.
13
Let x(l) = -8*l**2 + 106*l - 3. Let s be x(13). Suppose -602 = 3*k - k. Let o = k + 554. What is the highest common divisor of s and o?
23
Suppose 0 = 2*r - 0*r + 14. Let q be 4/(1 + 1) - (-9 - r). Calculate the greatest common divisor of 44 and q.
4
Let a(w) = 46*w**2 + 27*w - 49. Let f be a(2). What is the highest common factor of f and 21?
21
Suppose 0 = -4*x + 2*c + 118 - 28, 3*c = x - 30. Let r(h) = -7*h**3. Let z be r(-1). Calculate the highest common factor of z and x.
7
Let p(a) = 5*a**2 - 74*a - 32. Let c be p(18). Calculate the greatest common factor of c and 32.
32
Suppose 2*y = 6, -y - 221 = -t - t. Suppose -3*r - 5*u + 69 = 0, -r = 3*u - 21 + 2. What is the greatest common divisor of t and r?
28
Let q(c) = c**2 - c - 5. Let n be q(4). Let b be 558/n + 6/21. Let v be 3 + -1 - (-14)/1. Calculate the highest common factor of v and b.
16
Let m = -131 + 147. Suppose m*d - 1760 = 5*d. What is the greatest common divisor of 10 and d?
10
Suppose -5*p = -2*r + 23, -2*r - 2*r + 5*p + 31 = 0. Suppose -5*g + r*g = -10. Let t be 70 - (-2)/(-4)*0. What is the highest common divisor of t and g?
10
Suppose 4*l - 4*p = l + 470, 3*l = -5*p + 506. What is the highest common factor of l and 6?
6
Let x = 13 + 8. What is the greatest common divisor of x and 175?
7
Suppose -12 = -5*g + 8. Suppose f + 115 = -g*j, -305 = 3*f - 3*j + 5*j. Let x = -57 - f. What is the greatest common factor of 105 and x?
21
Suppose -3*o - 18 = -n + o, 4*n - 5*o - 61 = 0. Suppose -4*r + 4*f + 96 = 0, 12*r - 10*r = 5*f + 36. What is the greatest common divisor of n and r?
14
Suppose -90 = -17*r + 11*r. What is the highest common divisor of 6 and r?
3
Suppose -2*q + 2*y = 6*y - 44, -4*y - 136 = -4*q. What is the greatest common factor of q and 24?
6
Suppose -v + 11 + 0 = -3*c, 3*c + 71 = 4*v. Calculate the highest common factor of 10 and v.
10
Let c be (-6 - -4)/(26/(-130)). What is the greatest common factor of c and 26?
2
Suppose 5*m - 3476 = 709. What is the highest common divisor of 93 and m?
93
Suppose -3*a - 7*a - 40 = 0. Let m be ((-4)/(-16) + -3)*a. What is the greatest common factor of 44 and m?
11
Let b be 15/(-13 - (-174)/12). What is the highest common divisor of b and 110?
10
Let q be 3 + ((-9702)/(-6))/7. Calculate the highest common factor of q and 78.
78
Let c(z) = -12*z**2 + 3*z**2 + z**3 - 4*z**2 - 7 - 12*z - 1. Let o be c(14). Calculate the greatest common divisor of o and 40.
20
Let f(t) = -21*t**3 + t**2 + 4*t + 6. Let k be f(-2). What is the greatest common divisor of 10 and k?
10
Let m(q) = -128*q + 39. Let o be m(-7). What is the greatest common factor of 85 and o?
85
Suppose 5*k = -2*h + 2*k + 726, 3*k